{"id":43,"date":"2019-04-10T08:53:02","date_gmt":"2019-04-10T05:53:02","guid":{"rendered":"http:\/\/degerlendirmemerkezinehazirlik.com\/?page_id=43"},"modified":"2020-04-25T20:58:00","modified_gmt":"2020-04-25T17:58:00","slug":"hazirlik","status":"publish","type":"page","link":"https:\/\/degerlendirmemerkezinehazirlik.com\/index.php\/hazirlik\/","title":{"rendered":"Haz\u0131rl\u0131k"},"content":{"rendered":"[vc_row][vc_column][vc_cta h2=&#8221;Bireysel De\u011ferlendirme Merkezi&#8217;ne Haz\u0131rl\u0131k&#8221; txt_align=&#8221;center&#8221; color=&#8221;white&#8221; css=&#8221;.vc_custom_1560332416890{background-color: #f96509 !important;}&#8221;]<span class=\"white-text\">Bireysel De\u011ferlendirme Merkezi&#8217;ne Haz\u0131rl\u0131k s\u00fcreci, de\u011ferlendirme merkezine kat\u0131lacak aday ve dan\u0131\u015fman aras\u0131nda birebir ger\u00e7ekle\u015ftirilen bir e\u011fitim uygulamas\u0131d\u0131r. Uygulama\u00a0 3 a\u015famadan olu\u015fmaktad\u0131r.\u00a0<\/span>[\/vc_cta][\/vc_column][\/vc_row][vc_row][vc_column width=&#8221;1\/3&#8243;]<div class=\"vcex-module vcex-teaser\"><div class=\"vcex-teaser-content\"><h2 class=\"vcex-teaser-heading wpex-heading wpex-text-lg\" style=\"color:#000000;font-size:24px;\">\u00d6n Haz\u0131rl\u0131k<\/h2><div class=\"vcex-teaser-text wpex-mt-10 wpex-last-mb-0 wpex-clr\" style=\"font-size:14px;\"><p>De\u011ferlendirme merkezi \u00f6n haz\u0131rl\u0131k a\u015famas\u0131nda dan\u0131\u015fman\u0131n\u0131z taraf\u0131ndan size davetiye ve uygulama ak\u0131\u015f plan\u0131 g\u00f6nderilir. Yetkinlik Kriterleri g\u00f6z \u00f6n\u00fcne al\u0131narak i\u015f sim\u00fclasyonlar\u0131n\u0131 i\u00e7eren egzersizler se\u00e7ilir. Dan\u0131\u015fmanlar\u0131m\u0131z taraf\u0131ndan size en uygun de\u011ferlendirme ara\u00e7lar\u0131 se\u00e7ilerek uygulama g\u00fcn\u00fcne haz\u0131rlanman\u0131z sa\u011flan\u0131r.<\/p>\n<\/div><\/div><\/div>[\/vc_column][vc_column width=&#8221;1\/3&#8243;]<div class=\"vcex-module vcex-teaser\"><div class=\"vcex-teaser-content\"><h2 class=\"vcex-teaser-heading wpex-heading wpex-text-lg\" style=\"color:#000000;font-size:24px;\">Uygulama ve E\u011fitim<\/h2><div class=\"vcex-teaser-text wpex-mt-10 wpex-last-mb-0 wpex-clr\" style=\"font-size:14px;\"><p>Uygulama ve e\u011fitim program ak\u0131\u015f\u0131na g\u00f6re, 1 g\u00fcn i\u00e7erisinde birbirinden farkl\u0131 i\u015f sim\u00fclasyonlar\u0131n\u0131n yer ald\u0131\u011f\u0131 \u00e7al\u0131\u015fmalara dan\u0131\u015fman\u0131n\u0131zla birlikte kat\u0131lman\u0131z beklenir. Bu sayede girece\u011finiz de\u011ferlendirme g\u00fcn\u00fcne benzer bir s\u00fcreci prova etmeniz ve t\u00fcm \u00e7al\u0131\u015fmalar sonunda performans\u0131n\u0131z\u0131 de\u011ferlendirmeniz sa\u011flan\u0131r.<\/p>\n<\/div><\/div><\/div>[\/vc_column][vc_column width=&#8221;1\/3&#8243;]<div class=\"vcex-module vcex-teaser\"><div class=\"vcex-teaser-content\"><h2 class=\"vcex-teaser-heading wpex-heading wpex-text-lg\" style=\"color:#000000;font-size:24px;\">Geribildirim<\/h2><div class=\"vcex-teaser-text wpex-mt-10 wpex-last-mb-0 wpex-clr\" style=\"font-size:14px;\"><p>Uygulama g\u00fcn\u00fcn\u00fcn sonunda bireysel geribildirim toplant\u0131s\u0131nda t\u00fcm egzersizlerde g\u00f6zlenen g\u00fc\u00e7l\u00fc y\u00f6nler ve geli\u015fim alanlar\u0131n\u0131z dan\u0131\u015fman\u0131m\u0131zla birlikte g\u00f6zden ge\u00e7irilir. Uygulama i\u00e7inde g\u00f6zlemlenen geli\u015fim alanlar\u0131n\u0131za y\u00f6nelik aksiyon \u00f6nerileri sunulur ve gerekti\u011finde uygulama i\u00e7in takviye \u00e7al\u0131\u015fmalar ger\u00e7ekle\u015ftirilir.<\/p>\n<\/div><\/div><\/div>[\/vc_column][\/vc_row][vc_row][vc_column][vc_single_image image=&#8221;5021&#8243;][\/vc_column][\/vc_row]\n","protected":false},"excerpt":{"rendered":"<p>[vc_row][vc_column][vc_cta h2=&#8221;Bireysel De\u011ferlendirme Merkezi&#8217;ne Haz\u0131rl\u0131k&#8221; txt_align=&#8221;center&#8221; color=&#8221;white&#8221; css=&#8221;.vc_custom_1560332416890{background-color: #f96509 !important;}&#8221;]Bireysel De\u011ferlendirme Merkezi&#8217;ne Haz\u0131rl\u0131k s\u00fcreci, de\u011ferlendirme merkezine kat\u0131lacak aday ve dan\u0131\u015fman aras\u0131nda birebir ger\u00e7ekle\u015ftirilen bir e\u011fitim uygulamas\u0131d\u0131r. Uygulama\u00a0 3 a\u015famadan olu\u015fmaktad\u0131r.\u00a0[\/vc_cta][\/vc_column][\/vc_row][vc_row][vc_column width=&#8221;1\/3&#8243;][\/vc_column][vc_column width=&#8221;1\/3&#8243;][\/vc_column][vc_column width=&#8221;1\/3&#8243;][\/vc_column][\/vc_row][vc_row][vc_column][vc_single_image image=&#8221;5021&#8243;][\/vc_column][\/vc_row]<\/p>\n","protected":false},"author":1,"featured_media":0,"parent":0,"menu_order":0,"comment_status":"closed","ping_status":"closed","template":"","meta":[],"_links":{"self":[{"href":"https:\/\/degerlendirmemerkezinehazirlik.com\/index.php\/wp-json\/wp\/v2\/pages\/43"}],"collection":[{"href":"https:\/\/degerlendirmemerkezinehazirlik.com\/index.php\/wp-json\/wp\/v2\/pages"}],"about":[{"href":"https:\/\/degerlendirmemerkezinehazirlik.com\/index.php\/wp-json\/wp\/v2\/types\/page"}],"author":[{"embeddable":true,"href":"https:\/\/degerlendirmemerkezinehazirlik.com\/index.php\/wp-json\/wp\/v2\/users\/1"}],"replies":[{"embeddable":true,"href":"https:\/\/degerlendirmemerkezinehazirlik.com\/index.php\/wp-json\/wp\/v2\/comments?post=43"}],"version-history":[{"count":9,"href":"https:\/\/degerlendirmemerkezinehazirlik.com\/index.php\/wp-json\/wp\/v2\/pages\/43\/revisions"}],"predecessor-version":[{"id":5421,"href":"https:\/\/degerlendirmemerkezinehazirlik.com\/index.php\/wp-json\/wp\/v2\/pages\/43\/revisions\/5421"}],"wp:attachment":[{"href":"https:\/\/degerlendirmemerkezinehazirlik.com\/index.php\/wp-json\/wp\/v2\/media?parent=43"}],"curies":[{"name":"wp","href":"https:\/\/api.w.org\/{rel}","templated":true}]}}